2, 5
Let k be (-56)/12 - 2/(-3). Let v be ((-12)/4)/(6/k). Suppose -z = v*d - 16, 0*z + 8 = -2*z. What are the prime factors of d?
2, 5
Let b = 181 + -89. What are the prime factors of b?
2, 23
Suppose 34*u - 480 = 31*u. What are the prime factors of u?
2, 5
Let s(a) = a**2 + 12*a + 3. Suppose -13 = d - 1. List the prime factors of s(d).
3
List the prime factors of (-13 - 4)/(2 - 30/14).
7, 17
Suppose -3*c = -6*c - 75. Let j = c - -44. List the prime factors of j.
19
Suppose 3 = -3*k + 9. What are the prime factors of k?
2
Let o = 7 + -5. Suppose 0 = -t + 4*s - 1, 5*t - o*s = 2*s + 43. List the prime factors of t.
11
Let g(j) be the second derivative of j**4/4 - j**3/6 - j**2/2 - j. Let w be g(-1). Suppose -22 = -w*q + 17. What are the prime factors of q?
13
Suppose -3*q + 8 = q. Suppose 0*v - 14 = -f - 3*v, -q*f = -v. List the prime factors of (-4)/f*(-42)/12.
7
Suppose 5*j + 85 = 3*l - 2, -2*j - 28 = -l. What are the prime factors of l?
2, 17
List the prime factors of (16/12)/(4/18).
2, 3
Let g(m) = -5*m - 4. Let h be g(-8). Suppose 0*j + h = 2*j. Let k = 28 - j. List the prime factors of k.
2, 5
Suppose 4*r = -2*s + 76, 2*r + 95 = 7*r - 4*s. Suppose -r = -c + 2*b, 2*c = 4*b + b + 40. What are the prime factors of c?
3, 5
Let b be 8/(-52) - (-84)/39. Suppose 4*k = -q - b*q + 30, -4 = k - 5*q. What are the prime factors of k?
2, 3
Let m(z) = z. Let q be m(7). Suppose -3*p = 4*s + 29, s = -p - 0*p - q. What are the prime factors of (-12)/(-5) - s/(-20)?
2
Let h = 10 + 0. Suppose 10 + h = 4*l. Suppose -4*u = -l*m - 78, u + 2*u + m - 68 = 0. List the prime factors of u.
2, 11
Let b(n) be the second derivative of -n**5/20 + 2*n**4/3 + n**3/6 - 3*n**2 - 2*n. Let d be b(8). Suppose 0*s = d*s - 38. List the prime factors of s.
19
Suppose -3*r - 2*l = -l - 585, -979 = -5*r - 3*l. Let n = r - 114. Suppose 2*s - 29 = g, 5*s = -0*g + 4*g + n. What are the prime factors of s?
2, 3
Let u(j) = -j**3 - j + 6. Let r be u(0). Let k = -3 + r. List the prime factors of k.
3
Let d(n) = -n**3 - 8*n**2 - 7*n + 9. Let k be d(-7). Let a(i) = i**3 + 14*i**2 + 12*i - 18. Let t be a(-13). Let q = t + k. List the prime factors of q.
2
Suppose 71*v - 68*v - 105 = 0. List the prime factors of v.
5, 7
Let n be ((-20)/6)/((-10)/30). Suppose -3*l + n = -l. What are the prime factors of l?
5
Let f(j) = j**3 - 2 - 2*j**3 + 5*j + 0 + 4*j**2 - 1. List the prime factors of f(4).
17
Suppose 5*q = 15, 3*n + 5 = n + 5*q. Let f = 17 - n. What are the prime factors of f?
2, 3
Let k be (2 + 1)/((-4)/(-8)). Suppose 0 = 2*y + 4*z - 20, 2*z + 16 + 10 = 5*y. Let m = y + k. List the prime factors of m.
2, 3
Let q(j) = -j**2 - 10*j - 4. Let h be q(-9). Suppose h*g - 125 = 120. Suppose g = 4*f - 11. List the prime factors of f.
3, 5
Let b(g) be the third derivative of -g**5/60 - g**4/24 - g**3/2 - 2*g**2. Let x be b(3). List the prime factors of 0 - (-5)/(x/(-6)).
2
Suppose -2*s - 2*z + 14 + 8 = 0, 2*s - 17 = -z. Suppose 5*p - 3*p = s. What are the prime factors of p?
3
Suppose s - 7 = -3. Suppose 0 = s*q - 0*o + 4*o, 0 = -3*q - 5*o - 4. Suppose q*t + 18 = 4*t. List the prime factors of t.
3
Let m(u) = -u**3 + 15*u**2 + 2*u + 10. List the prime factors of m(15).
2, 5
Let z(v) = -v**3 - 4*v**2 + 5*v + 7. What are the prime factors of z(-6)?
7
Let g(x) = -x**2 + 9*x + 4. Suppose 7*r - 35 = 2*r. Suppose -r = -2*m + m. List the prime factors of g(m).
2, 3
Suppose -2*g + 59 = 15. Suppose 3*h = 2*h - 5*f + 13, 0 = 2*f. Let k = g - h. What are the prime factors of k?
3
Let t be (4/(-12))/1*-219. Let i = t + -25. List the prime factors of i.
2, 3
Let m = 62 + -31. Suppose 2*y - 10 + 0 = 0, 0 = 4*j - 5*y - m. What are the prime factors of j?
2, 7
Let l = 132 + -122. What are the prime factors of l?
2, 5
Suppose 19 + 50 = l. Suppose 5*o - 3*s = l, 0 = 2*o - 3*s - 39 + 15. What are the prime factors of o?
3, 5
Suppose 9*p - 4*p = -5*n + 415, 86 = n + 2*p. List the prime factors of n.
2, 5
Let v be (-3)/(-12) - 66/8. Suppose -1 = -4*z - 17. Let y = z - v. List the prime factors of y.
2
Let w = 32 + -55. Suppose 6 - 132 = -3*h. Let a = w + h. List the prime factors of a.
19
Suppose 4*c - 32 = 2*z + 30, -c = -z - 16. What are the prime factors of c?
3, 5
Let v = 8 + 5. Let g(y) = -y**2 + 5*y - 2. Let r be g(3). Suppose -r*a + v = -3. What are the prime factors of a?
2
Suppose 5*h - 4*h = -23. Let a = h + 42. What are the prime factors of a?
19
Let s = 77 + 45. List the prime factors of s.
2, 61
Suppose -4*t - 27 = -7. What are the prime factors of 5*((-11)/t + 3)?
2, 13
Let d(t) = -t**2 + 2*t - 1. Suppose -6*q + 20 = -2*q. Let x be d(q). Let b = x + 28. What are the prime factors of b?
2, 3
Let y be ((-4)/(-3))/((-5)/15). What are the prime factors of 3/(-1 - y) - -4?
5
Suppose 6*f = f + 170. What are the prime factors of f?
2, 17
Let q(y) = 3*y + 10. List the prime factors of q(9).
37
Let p be (2/1)/(4/10). Let o be 4/10 - (-13)/p. Suppose -u - o*u + 20 = 0. List the prime factors of u.
5
Let l(i) = 3 - 3*i + 2*i - 2*i**2 + i**2. Let g be l(0). Suppose 18 - 3 = g*h. What are the prime factors of h?
5
Let g(h) = -37*h - 1. Suppose -4*p + 2 = 2*o, 3*p - 3 = 2*o - 4*o. Let t be g(p). Suppose 0*k + t = 4*k. What are the prime factors of k?
3
Suppose 0*l = -5*l + 190. Suppose 5*b = -2*s + l, 0*s - 3*s = -4*b - 34. What are the prime factors of s?
2, 7
Let i = 51 - 38. List the prime factors of i.
13
Let o(h) = h**2 - 2*h + 1. Let n be o(3). Suppose n = -4*x - 96. Let a = 35 + x. What are the prime factors of a?
2, 5
Let f be (4 - -4)*(-1)/(-2). Suppose -140 = -f*c - 0*c. What are the prime factors of c?
5, 7
Let n be (0 + -1)*(-14 + -4). Suppose -3*h = 3*z - 6*h - n, -z - 3*h + 26 = 0. List the prime factors of z.
11
Let f(r) = r + 1. Let t be f(-7). What are the prime factors of (-6)/(-1*(-2)/t)?
2, 3
Let d = -12 + 36. What are the prime factors of d?
2, 3
Let f(b) = b + 0 - 4 + 0. Let n be f(6). What are the prime factors of (-5 + -6)/((-2)/n)?
11
Let g(k) = k - 2. Let n be g(2). Suppose 2*q + 1 - 37 = n. Let j = -7 + q. What are the prime factors of j?
11
Let v(f) = -f**3 - 12*f**2 + 15*f + 29. What are the prime factors of v(-13)?
3
Let l = -10 - -11. Let f = 4 - 7. What are the prime factors of l + ((-3)/f - -3)?
5
Let m = -3 - -8. Suppose m*o - 32 = -2. Suppose 3*b = o*b - 24. What are the prime factors of b?
2
Let r(u) = u - 1. Let i be r(1). Let b = 4 - i. Suppose 30 = 3*l + 3*k, -b*l + 5*k = -0*l - 58. What are the prime factors of l?
2, 3
Suppose -4*k = -213 - 243. What are the prime factors of k?
2, 3, 19
List the prime factors of (-554)/(-14) - 54/(-126).
2, 5
Let c = 8 + -17. List the prime factors of (0 + c)*(-4)/6.
2, 3
Let i = 1 - 1. Suppose -2*o - o + 24 = i. What are the prime factors of o?
2
Let s be 8/(-12) - (-104)/3. Let k = s + -18. List the prime factors of k.
2
Let j(g) be the second derivative of -g**3/3 - 2*g. Let d be (-1)/(3/(-9))*-1. List the prime factors of j(d).
2, 3
Suppose -4*i = -39 - 17. List the prime factors of i.
2, 7
Let q(d) = d**3 + 9*d**2 - 10*d + 2. Let r be q(-10). Let w = r - -37. List the prime factors of w.
3, 13
Let p(z) = z - 3. Let a be p(5). Suppose 5*u = a*l, -l = -2*l. Suppose 2*y - 2 = 2*d, u*y = -3*y - 2*d + 13. What are the prime factors of y?
3
Suppose -5*n + 285 = 5*h, -4*h + 175 = 2*n + 55. What are the prime factors of n?
2, 3
Let y(n) = n**3 + 2*n**2 + n + 2. Let k be y(-2). Suppose -5*a + 62 + 48 = k. List the prime factors of a.
2, 11
Suppose -20 = -5*q, 8 + 7 = j + 4*q. List the prime factors of -6 + 8 - (j - 0).
3
Suppose -4*p = 2*r - 622, p + 2*r - 166 + 15 = 0. List the prime factors of p.
157
Let c = -8 - -24. Suppose -3*x = -5 - c. What are the prime factors of x?
7
Let f(a) = a**3 - 5*a**2 + a + 4. Let h be f(5). Suppose 5*m + 2 = 2*g + 23, -m + h = 2*g. What are the prime factors of g?
2
Let g be -1 + 3 + 1 - -1. Suppose 3*c + 4*s + 70 = 0, 4*c + s + 110 = g*s. Let x = c + 37. What are the prime factors of x?
11
Suppose 2*x = -5*t + 18, 3 = -0*t + t + x. Suppose -t*o + 27 = i, 6*o - 3*o = 3*i - 21. What are the prime factors of i?
11
Suppose -4*w + 24 = 2*f, -5*w - f + 21 = -6. Suppose 9 = 3*s + 3*c, -s - w*c + 1 = 2*s. What are the prime factors of s?
7
Let n be (-1 + 0)*2 + -15. Let t = -23 - -12. Let r = t - n. What are the prime 